*2 - 14*o. Let v(t) = -11*r(t) + 4*s(t). Calculate v(k).
-10
Suppose 2*g = -2*w - 3 - 3, 3*g + 15 = 0. Suppose -m + 4 = -5*q - 0*m, 5*q + w*m = -7. Let d(o) = 5*o**3 + o**2 + o. What is d(q)?
-5
Let q(x) = x**3 - 3*x**2 - 3*x - 1. Let h be q(4). Let d(j) = -15 + j**2 + 4 + j**h + 0*j + 0*j. Suppose 7*y = 3*y. Calculate d(y).
-11
Let l(f) = -f - 6. Let z(k) = -3*k - 4. Let i(x) = -3*l(x) + 4*z(x). Give i(2).
-16
Let v(w) be the first derivative of 2*w**2 - 6 + 2*w**3 + 4*w - 1/4*w**4. What is v(7)?
-17
Let r(h) be the third derivative of h**4/24 - h**3 + 2*h**2 - 106. What is r(-11)?
-17
Let z be (-21)/49*(1 + -2*4). Let f(r) = 2*r**2 - 4*r + 2. What is f(z)?
8
Let j = -27625 - -27626. Let q(w) = -5*w**2 - 2*w + 2. Let f(l) = 3*l**2 + l - 1. Let c(g) = 7*f(g) + 3*q(g). What is c(j)?
6
Let a(i) = 0 + 17*i**2 + i + i + 4 - 23*i**2 + i**3. Give a(5).
-11
Let r(g) be the second derivative of -g**4/12 - g**3 - 3*g**2 + 712*g. Calculate r(-4).
2
Let f(v) be the first derivative of -v + 2*v - 4*v**2 - 5*v**2 - 13 + 6*v**2. Determine f(3).
-17
Suppose -n - 2*m + 8 = 0, 5 = 28*m - 23*m. Let s(i) = -6*i - 11. What is s(n)?
-47
Let v(u) = u - 2*u + u**3 + 630 - 629. Determine v(1).
1
Let q = -2 - -3. Let k = -19 + 23. Let n(b) = -4*b - 4*b + 1 - 4 + k. Calculate n(q).
-7
Let v(o) = -o**3 + 2*o + 1. Let y = -3 + 7. Suppose -5*j + 18 = -y*j. Suppose -j = 4*z + 2*x, 0*x = 5*z - 2*x. Give v(z).
5
Let u(g) = -g**2 - 3*g + 3. Let m(y) = -y**2 + 19*y - 39. Let f be m(17). Determine u(f).
-7
Let a = 1 - 5. Let t(y) = -3*y**3 + 2*y**2 + 4*y**3 + 4 + 8*y**2 - 5*y**2 + 5*y + y. Give t(a).
-4
Let h(u) = u**2 + 2*u - 4. Suppose -8*x + 1 = -23. What is h(x)?
11
Suppose -13*a + 617 = 760. Let m(i) = -i**3 - 12*i**2 - 10*i + 5. Calculate m(a).
-6
Let l(r) = r + 2. Let b = -17 - -15. Let x be l(b). Let j(s) = -s**3 + s - 5. Give j(x).
-5
Let b(k) = -7*k**2 - 9*k. Let v(g) = -12*g**2 - 17*g - 4. Let r(y) = -5*b(y) + 3*v(y). What is r(-5)?
-7
Suppose -2*u = 10, 4*l + u = l - 17. Let n(d) be the first derivative of d**4/4 + 4*d**3/3 - 3*d**2 - 3*d + 5. Calculate n(l).
21
Let f(m) = -m**3 - 6*m**2 - 8*m - 5. Let v(g) = g - 12. Let q be v(7). Calculate f(q).
10
Let c(o) = -o**2 - 16*o + 9. Let f be (-2)/(-4)*(-1496)/44. What is c(f)?
-8
Let j(s) = -s**2 - 3*s + 3. Let g(n) = 4*n - 5*n - 5 + 3. Let y(t) = 6*t + 3. Let p be y(0). Let b be g(p). Calculate j(b).
-7
Suppose 2*s + 1 = 3*s. Suppose 0 = 2*m + 5 + s. Let w(q) be the second derivative of -q**5/20 - q**4/6 + 2*q**3/3 - q**2/2 - 10*q. Determine w(m).
-4
Let q(z) = -z - 4. Let l be ((-726)/11)/(-11) - (1 - -2). What is q(l)?
-7
Let d(m) = 163*m**2 + 161*m**2 + 0*m + 8*m - 323*m**2 - 7. Calculate d(-9).
2
Let a(r) = 2*r + 3. Let m = -3 + -2. Let g(c) = -c + 17. Let b be g(17). Let q = b + m. What is a(q)?
-7
Let v(t) = -2 - 8*t**3 - 3*t - 4*t**2 + 3*t**2 + 3*t**3 + 4*t**3 + t. Give v(0).
-2
Suppose -5*y - 5*h = 5, 4*h - 5 = -25. Suppose 0 = -3*q, -y*z - 12 = q + 2*q. Let w(b) = b**3 + 5*b**2 + 4*b. Calculate w(z).
6
Let j(f) = -f**3 - 6*f**2 - 5*f + 2. Suppose -2*p + 26 = -4*p. Suppose -10 = -2*k + 6. Let c = p + k. Calculate j(c).
2
Let z(a) = 4 + 5*a**2 + 294*a**3 + 304*a**3 - 599*a**3 + 4*a - 5*a. What is z(5)?
-1
Let y be (-56)/(-196) + 3/14. Let n(w) be the second derivative of -y*w**4 + 0 + 3*w - w**3 - 2*w**2 + 1/20*w**5. Determine n(7).
3
Let c be 3 - (2 - (0 - 0)). Let j be (1 - c) + -13 + 13. Let s(k) = -5*k**2 + k - 6. Let o(v) = 6*v**2 - v + 7. Let n(w) = 4*o(w) + 5*s(w). What is n(j)?
-2
Let f be (10/(-30))/(2/12). Let m(d) be the first derivative of 3*d**2/2 + 3*d + 5. Calculate m(f).
-3
Let f(z) = 4*z**3 + 6*z**2 + 5*z - 4. Let o(k) = k**3 + k. Let c(l) = -f(l) + 3*o(l). Determine c(-3).
-17
Let h = -28 + 38. Let z = 13 - h. Let i(v) = -7*v**3 + 8*v**z + v**3 + 14*v**3. What is i(1)?
16
Let l(s) = 2*s + 3*s + 3 - 5 + s. Let x = -38 + 40. Suppose x*y = -3*y - 2*f + 10, -3*y - 2*f = -6. Give l(y).
10
Let q(x) = -x**2 + 36*x + 216. Let r be q(-5). Let j(l) = l**2 - 12*l + 13. Determine j(r).
2
Let a(p) be the second derivative of -p**5/60 - 5*p**4/24 - p**3/2 + 19*p**2/2 + 2*p. Let r(w) be the first derivative of a(w). Determine r(-5).
-3
Let u(c) = 2. Let t(q) = -11*q - 11. Let h(j) = -t(j) - 6*u(j). Let o = 1 + 0. What is h(o)?
10
Suppose 3*s - 8 = -v + 2*v, 5*s - 4*v - 11 = 0. Suppose 12 = 5*t - 3*w, 4*w + 2 + 3 = 3*t. Let c(u) = 2*u + u**3 - t*u + s*u - 2*u**3. Calculate c(-2).
4
Let w(n) = -10*n + 22*n - 9*n - n**3 - 3*n**2 + 4. Let k(d) = d + 4. Let p be k(-3). Suppose -2 - p = a. Determine w(a).
-5
Let g(c) = -c**3 - 17*c**2 - 18*c + 23. Let d be g(-16). Suppose 3*n - 38 = d. Suppose -5*f = 1 - n. Let a(h) = -h**2 + 8*h + 5. Give a(f).
17
Let f(j) = 18*j - 38. Let b(l) = -7*l + 13. Let m(z) = 8*b(z) + 3*f(z). Give m(0).
-10
Let v(u) = -2 + 4 + u + u. What is v(-3)?
-4
Let d = 2991 - 3006. Let y(k) = -k + 21. Determine y(d).
36
Suppose -8 = -2*w - 5*c, 4*w - 54*c - 16 = -56*c. Let v(x) = x**3 - x**2 - 4*x. Give v(w).
32
Let f(z) be the second derivative of -z**3/6 + z**2 + 8*z. Let k be f(2). Let v(p) = p**3 + 1. What is v(k)?
1
Let d(z) = 13*z - 20*z + 13*z. Give d(-3).
-18
Let h(a) = -a**2 + 4. Suppose -40 = -5*m - 3*z, 12*m - 5 = 10*m + z. What is h(m)?
-21
Let p(o) = -o**3 - 4*o**2 - 4*o - 6. Suppose -12 = -2*g + 6*g. Let r be -9*(g - (-10)/6). Let z = 8 - r. What is p(z)?
10
Let r(z) be the second derivative of z**5/24 - z**4/24 + 17*z**3/6 - 28*z. Let n(t) be the second derivative of r(t). What is n(-1)?
-6
Let j(b) be the first derivative of -b**4/4 + 7*b**3/3 + 9*b**2/2 - 5*b - 280. Determine j(8).
3
Let n(s) = -s + 3. Suppose 0*m = -2*m + 8. Suppose -m*a - 188 = -2*y, 0*a = 3*a - y + 143. Let j be 100/14 + 7/a. What is n(j)?
-4
Let t(h) be the first derivative of h**4/4 + h**3/3 + h**2/2 + h + 2. Let x = -399 + 398. Determine t(x).
0
Let v be (((-90)/(-4))/(-5))/((-3)/6). Let l(w) = w**3 - 8*w**2 - 5*w - 4. Calculate l(v).
32
Suppose 0 = a - 2*x - 13, -a + 38 = -3*x + 20. Let i(j) = -1. Let l(h) = h. Let p(c) = -i(c) - l(c). Calculate p(a).
-2
Let k = 3400 + -3393. Let c(v) = -5*v**2 - v - 7. Let p(g) = 9*g**2 + 3*g + 14. Let f(t) = 11*c(t) + 6*p(t). Give f(k).
7
Let y(o) be the first derivative of o**4/4 + 7*o**3/3 - 3*o**2/2 + 3*o + 974. Calculate y(-7).
24
Let h(p) = p + 4. Let o be 38/1 + 2/(-1). Suppose 9*g - 5*g = -o. What is h(g)?
-5
Let q = -13 - -7. Let y be (13/26)/((-1)/q). Let j(a) = -3*a**3 + 3*a**y - a**3 + 5 - 3*a**2 - 6*a + 13*a. Give j(-4).
-7
Let c be (-4)/(-26) + 112/(-52). Let p(n) = -n**3 - n**2 + n - 3. Calculate p(c).
-1
Suppose -9 - 3 = -4*y. Let q(c) be the second derivative of -c**7/2520 + c**5/120 + c**4/6 - 2*c. Let w(i) be the third derivative of q(i). What is w(y)?
-8
Let s = -253 + 255. Let b(g) = 8*g - 2. Determine b(s).
14
Let c(n) = 6*n - 1 - 3*n - 2. Let g = 654 - 649. What is c(g)?
12
Let x = -8 + 12. Let h(v) = -5*v**2 - 5*v + 10. Let m(u) = 9*u**2 + 10*u - 19. Suppose 0*j + 3*j = 21. Let q(l) = j*h(l) + x*m(l). What is q(-6)?
0
Let j(g) = g**2 + 27*g + 160. Let u be j(-19). Let l(b) = -6*b + 16. What is l(u)?
-32
Let p(v) = -v**3 + 14*v**2 + 16*v - 28. Suppose -2*q - 5*t = -17 - 8, 2*q + 3*t = 27. Give p(q).
-13
Suppose 4*o - 2*z = 14, -4*z = -5*o - 0*z + 10. Let c = -4 + o. Let f(n) = 2*n**3 - 5*n**c - 7*n - n**3 + 4 - 1. Determine f(6).
-3
Let o(p) = -3 - 2*p**2 + 11*p + 5*p**2 - 2*p**3 + p**3 + 11*p - 21*p. What is o(4)?
-15
Let f(y) = 3*y - 17. Let w be 4 - 10 - (-15)/1. Give f(w).
10
Let d(u) = -8*u - 1. Let m(x) = 7*x**2 - 2*x + 2. Let a be m(1). Suppose -4*c - 4*v = 4, -c - v + 4*v + a = 0. Determine d(c).
-9
Let k(p) be the first derivative of p**3/3 + p**2/2 - 2*p - 1. Let f = -13 - -13. Let l = -2 + f. Calculate k(l).
0
Let i be (-1 - (-6)/9)/((-1)/(-177)). Let q = i - -57. Let r(d) = -3 - 4*d + 0 - 4*d. What is r(q)?
13
Let m(n) = 5*n**3 - 16*n**2 - 8*n + 12. Let s(z) = -6*z**3 + 17*z**2 + 8*z - 12. Let c(f) = -7*m(f) - 6*s(f). Give c(-9).
-3
Let p(w) = 3*w - 4*w + 1 - 4. Let x be (-800)/(-256) + 1/(-8). Calculate p(x).
-6
Let v(k) be the third derivative of -k**5/60 + 13*k**4/24 - 2*k**3 - 185*k**2. Determine v(12).
0
Let l(j) = -4*j + 5. Let p = 2011 - 2003. What is l(p)?
-27
Let i(v) = v**3 + v - 7. Let w(s) = 3*s - 24. Let y be w(6). Let u 